*j + 137*j. What are the prime factors of j?
1307
Suppose -2*w - 4*w - 30 = 0. Let y = 52 + w. What are the prime factors of y?
47
Let f be ((-12)/(-16))/((-6)/(-16)). Let z = f - 3. List the prime factors of (z/(-4))/(2/88).
11
Suppose 6 = -4*x + 202. Let m = -11 + x. List the prime factors of m.
2, 19
Let l = 52 + 540. What are the prime factors of l?
2, 37
Let q(t) = t**3 - 33*t**2 + 19*t - 76. List the prime factors of q(33).
19, 29
Suppose 5*j - 24 = -3*q - q, j - q = 3. Suppose -4*y - 20 = -j*l, -5*l - y + 0*y + 55 = 0. List the prime factors of l.
2, 5
Suppose o - 6*o - 155 = 0. Let a = o - -71. List the prime factors of a.
2, 5
Suppose 25 - 40 = -3*d. Suppose -3*m + d*t - 38 = -218, 0 = -m - t + 68. What are the prime factors of m?
5, 13
Suppose 0 = 2*v + v - 5*n + 60, -2*n + 81 = -5*v. Let s(w) = 6*w**2 - 5*w - 7. Let p be s(3). Let q = v + p. List the prime factors of q.
17
Suppose -68 = -5*s - 218. Let p = s - -84. List the prime factors of p.
2, 3
Suppose 2*q + 3 = 3*g, 4*q = -2*g + 7*q + 7. Let w be g*(-3 - -6) - -3. Suppose 4*l - 84 = -w. What are the prime factors of l?
3, 7
Suppose 0 = 592*w - 564*w - 60340. List the prime factors of w.
5, 431
Let b = -38 - -64. Suppose b = -4*p - 14. List the prime factors of 234/10 - (-4)/p.
23
Let k = -8101 + 13217. List the prime factors of k.
2, 1279
Let l(g) = g**3 - 5*g**2 - 6*g + 4. Let u be (2 - 3)/((-3)/18). Let c = u - 0. What are the prime factors of l(c)?
2
Let q be 384/20 + 1/(-5). Suppose -3*m = -11 - q. List the prime factors of m.
2, 5
Let m(l) = -l**3 + 20*l**2 - 20*l + 23. Let s be m(19). Suppose 0*c + 2*c = s*q + 92, -5*q + 184 = 4*c. List the prime factors of c.
2, 23
Suppose -18*n = -21*n + 36. Suppose -2*w = -6*w + n. What are the prime factors of 33 - (w + -2 + -4)?
2, 3
Let c = 124 + -107. Suppose 388 = -13*t + c*t. What are the prime factors of t?
97
Let k = -22 + 17. Let i = -127 + 51. List the prime factors of (i/(-14))/(k/(-35)).
2, 19
Let n(g) = g - 3. Let d be n(7). Suppose 4*c = 20 + d. List the prime factors of c + (-5 - -2) + 6.
3
Suppose -286 = -7*o - 104. Let r = o + -13. What are the prime factors of r?
13
Suppose 0 = -10*u + 7*u + 9. Suppose -4*a + 495 = 3*r, -673 = -4*r + u*a - 4*a. List the prime factors of r.
13
Suppose 2*n + n - 2044 = -5*m, 3 = -3*m. What are the prime factors of n?
683
Suppose 4*c + 445 = -4*k + 121, -3*c = -2*k + 218. Let d = c + 158. What are the prime factors of d?
2, 41
Let f = -58 - -72. List the prime factors of f*((-3)/(-1) - (-3)/(-2)).
3, 7
List the prime factors of (-3)/(21/2876)*7/(-2).
2, 719
Let i(l) = -l - 11. Let o be i(15). Let p = -11 - o. What are the prime factors of p?
3, 5
Let i(v) = -25*v + 29. Let m = -34 + 32. List the prime factors of i(m).
79
Suppose 4*c - 15 = j, -3*j + 3 = 3*c - 12. Suppose 4 = -c*i + 44. List the prime factors of 22/55 - (-476)/i.
2, 3
Let y = 879 - 777. List the prime factors of y.
2, 3, 17
Suppose 15*m - 20*m = -75. Suppose 0 = 4*w - 101 - m. What are the prime factors of w?
29
What are the prime factors of (-11)/((-715)/67480) + 2/(-13)?
2, 3, 173
Suppose 20*r + 13042 = 34642. List the prime factors of r.
2, 3, 5
List the prime factors of ((-2)/(-18))/(58/285534).
547
Suppose 3*j = -m - 8, -3*m + 7 = 2*j + 3. Let b(t) = -t**3 + 6*t**2 + t + 1. Let h be b(6). Suppose -m*c = -h*c + 48. List the prime factors of c.
2
Suppose -4*n - 5*v + 127 - 860 = 0, -4*n + 4*v = 760. Let u = 263 + n. What are the prime factors of u?
2, 19
Let i(q) be the second derivative of -8*q**3 + q**2 + q. Let y be i(-1). Suppose -y = -4*t + 6. List the prime factors of t.
2, 7
Let g = 906 - 606. Suppose 4*q = -m + g, -2*m + 144 = 2*q - 3*m. What are the prime factors of q?
2, 37
Let f be ((-6)/(-10))/((-2)/(-10)). Let u(g) = -6 - 3*g**2 + 2*g**3 + g**2 + f*g + 0 - g**3. List the prime factors of u(4).
2, 19
Let g be -2 + 5 - (-1 + -34). Suppose n = j - g, 3*j + n = 37 + 65. What are the prime factors of j?
5, 7
Suppose -1 = -3*j + 2. What are the prime factors of (-25 + j)*(16 - 19)?
2, 3
Suppose -h - 3*c = 5 + 2, -2*h + 5*c + 30 = 0. Let d(r) be the second derivative of r**4/6 - r**3/3 - 9*r**2/2 - 3*r. List the prime factors of d(h).
31
Let p = 51 - 51. Suppose -5*i + 120 + 360 = p. List the prime factors of i.
2, 3
Let l(m) = m**3 + m**2 - 11*m - 17. List the prime factors of l(7).
2, 149
Suppose -21*j + 2683 = -2924. What are the prime factors of j?
3, 89
What are the prime factors of ((-4748)/8)/((9/18)/(-1))?
1187
Let v(n) = -511*n - 220. What are the prime factors of v(-4)?
2, 3, 19
Suppose -18*v + 5387 + 1903 = 0. What are the prime factors of v?
3, 5
Let d(x) = 45*x - 336. What are the prime factors of d(18)?
2, 3, 79
Let u be (-34)/(-8) - (-4)/16*-1. What are the prime factors of u/(20/35)*23?
7, 23
Suppose 4 + 32 = -4*d. Let u = d - -41. Suppose -5*y + 23 + u = 0. What are the prime factors of y?
11
Let h be 55/(0 - 5) + -1. Suppose -70 - 22 = -4*u. Let p = h + u. What are the prime factors of p?
11
Let p(u) = -166*u + 41. What are the prime factors of p(-7)?
3, 401
Let j(u) = 49*u - 3. Suppose l = o, -l + 7*o = 3*o + 3. List the prime factors of j(l).
2, 23
Suppose -b + 671 = q + 87, -1 = -b. What are the prime factors of q?
11, 53
Let m = 5 - 3. Suppose 2*k + k = m*b + 2, -5*k - 4*b + 18 = 0. Suppose 0 = k*f - 2*r - 14, 5*r + 0*r = f - 7. What are the prime factors of f?
7
Let w(c) = 19*c - 14. Let d(j) = -19*j + 12. Let g(z) = 5*d(z) + 4*w(z). Let l(p) = -p**3 - 4*p**2 - 3. Let n be l(-4). What are the prime factors of g(n)?
61
Suppose 7*t = 1624 + 1022. List the prime factors of t.
2, 3, 7
Suppose -12 + 50 = -2*v. Let u = 19 + v. Suppose 3*s = 2*w + 106, -s - w - 4*w + 41 = u. List the prime factors of s.
2, 3
Let n = 481 + -341. List the prime factors of n.
2, 5, 7
Suppose 5*r = -5*z + 10, -r + z + 4 + 8 = 0. Suppose 4*d = 2*n - 26, -r = -5*d - 2. Suppose 3*a - n = -2*a. List the prime factors of a.
3
Let n(c) be the first derivative of c**4/4 + 129*c + 8. Let b be n(0). Suppose 0 = 13*u - 10*u - b. List the prime factors of u.
43
Let w(r) = r**3 - 2*r**2 - 2*r - 2. Let s be w(3). Let x(l) = -12*l - 1. Let k(m) = m. Let d(q) = -6*k(q) - x(q). What are the prime factors of d(s)?
7
Suppose -55*h = -61*h + 19194. What are the prime factors of h?
7, 457
Suppose 0 = v + i - 4, 5*v - 32 + 0 = i. Suppose -10*m + v = -12*m. List the prime factors of (-18)/27 + (-50)/m.
2
Let b(q) be the first derivative of -11*q**2/2 + 2*q + 46. List the prime factors of b(-7).
79
Let r be (-10)/(-12)*(4 - -2). Suppose -5*w + r*n - 15 = 0, -5*w + w - 4*n = -12. Suppose w = b - 10 + 4. List the prime factors of b.
2, 3
Suppose -35 = 2*f - 6*f - 3*j, -2*j + 34 = 4*f. Suppose -308 = a - f*a. List the prime factors of a.
2, 11
Let j be 11 - (2 - 1 - 0). Let k = j - 16. Let b = 16 + k. List the prime factors of b.
2, 5
Let o(q) = q**2 + 11*q + 30. Let f be o(-6). Let h be (-2)/((1 + -2)/3). Suppose -c + h*c - 70 = f. What are the prime factors of c?
2, 7
Let q(i) = -i**2 - 8*i + 2. Let h be q(-8). What are the prime factors of ((-22)/(-4) - h)*10?
5, 7
Suppose 2911*b - 2912*b + 574 = 0. List the prime factors of b.
2, 7, 41
Let k be ((-1173)/34)/(3/(-4)). Suppose -3*p = -2*m - p - 40, -k = 2*m + p. Let o = 20 - m. List the prime factors of o.
2, 3, 7
Let t = 1073 + -194. List the prime factors of t.
3, 293
Suppose 0 = -3*v + 6. Let p(t) = -39*t + 13. Let c(n) = -19*n + 6. Let o(s) = -7*c(s) + 3*p(s). List the prime factors of o(v).
29
Let k(h) = 2*h**2 + 2*h + 14. Let w be k(7). Let r = w + -113. List the prime factors of r.
13
List the prime factors of (-1 - -3123) + (13 + -13 - -7).
3, 7, 149
Suppose -3*b + 16 = 4. Suppose x = -x - b. Let c(h) = 4*h**2 + h + 2. What are the prime factors of c(x)?
2
Let b = 67 - 37. Suppose 0 = -6*l + l + b. Suppose -3*z = -l*z + 36. List the prime factors of z.
2, 3
Suppose 2*d + 5*b - 781 + 221 = 0, -273 = -d + b. List the prime factors of d.
5, 11
Let h(v) = 63*v - 1. Suppose 3*f - 3*i = -2*i + 7, 0 = -4*i - 4. List the prime factors of h(f).
5
Let i(k) = -11*k - 15. Let o = -22 + 5. Let l = -23 - o. List the prime factors of i(l).
3, 17
Suppose 0*s - 6*s = 6. Let r(c) = -19*c. What are the prime factors of r(s)?
19
Let z(k) = 2*k**3 - 2*k**2 - 4*k + 4. Let a be z(2). Suppose a*d + 0*m